hat is 1 - -65142?
65143
In base 8, what is 6 + 20747?
20755
In base 11, what is -3 + 8295?
8292
In base 3, what is -212 + 1010211?
1002222
In base 11, what is -2486 - 17?
-24a2
In base 15, what is 56 - 18d4?
-187d
In base 16, what is -3b8 - 6?
-3be
In base 12, what is 21 - -178?
199
In base 15, what is 6013a - 3?
60137
In base 9, what is 310 + -23216?
-22806
In base 7, what is -2 - 261332?
-261334
In base 5, what is 13031212 - -1?
13031213
In base 4, what is -23 - 110013131?
-110013220
In base 13, what is 11 + 11b7?
11c8
In base 10, what is -9 + 2431?
2422
In base 7, what is 125 + 1014?
1142
In base 16, what is -23b5b - 2?
-23b5d
In base 9, what is -50 + -713?
-763
In base 16, what is 92688 + -2?
92686
In base 10, what is -42 - 495?
-537
In base 2, what is 100001 + -100010011?
-11110010
In base 5, what is -403043 - -2?
-403041
In base 16, what is 104d - 5a?
ff3
In base 12, what is 199 + -11a?
7b
In base 4, what is 11323021020 - -11?
11323021031
In base 14, what is -2 - 771?
-773
In base 8, what is -455 - 332?
-1007
In base 8, what is 651162 - -3?
651165
In base 6, what is -3 - 22040020?
-22040023
In base 7, what is 254234 + -5?
254226
In base 10, what is -1725 - 55?
-1780
In base 14, what is ad + -5c?
51
In base 5, what is 444034144 + -4?
444034140
In base 4, what is -11003312111 - 2?
-11003312113
In base 6, what is -114242 - -53?
-114145
In base 6, what is 10314112 + 0?
10314112
In base 5, what is -4443 - 41?
-10034
In base 5, what is 2 - 2434011?
-2434004
In base 2, what is -1001111110000 + -111?
-1001111110111
In base 10, what is -12400 + -20?
-12420
In base 14, what is 1280c - 17?
127d5
In base 15, what is 103 - 325?
-222
In base 14, what is 4 - 650a8?
-650a4
In base 15, what is -c + -6586?
-6593
In base 8, what is 2 - 724?
-722
In base 6, what is 32 - -330?
402
In base 11, what is -45 + -a12?
-a57
In base 3, what is 2 + -22210002?
-22210000
In base 14, what is d56d - -1?
d570
In base 4, what is 102 + 103011?
103113
In base 5, what is -22 + 203412?
203340
In base 6, what is -1 - -4345004?
4345003
In base 4, what is -2132 - 2332?
-11130
In base 10, what is -3 + 111632?
111629
In base 15, what is -19d + 77?
-126
In base 11, what is -a389 - 8?
-a396
In base 10, what is -3 + 1106453?
1106450
In base 12, what is -a5a + -143?
-ba1
In base 7, what is 240 + 44006?
44246
In base 12, what is -b3040 + -18?
-b3058
In base 5, what is 100040304 - 3?
100040301
In base 13, what is 111c - -ab?
11ca
In base 4, what is -3102021 - -3?
-3102012
In base 9, what is 123677 + -5?
123672
In base 11, what is -4640 - -7?
-4634
In base 9, what is -7180243 - 1?
-7180244
In base 11, what is -a6016 + 4?
-a6012
In base 5, what is -3 - -12210202?
12210144
In base 11, what is -113 + 115?
2
In base 10, what is -2 - -322213?
322211
In base 8, what is -10 - 275?
-305
In base 14, what is 4 + 15823?
15827
In base 16, what is 72 - -1e65?
1ed7
In base 12, what is 21ba + 27?
2225
In base 15, what is 4099 + -12?
4087
In base 6, what is -30 - 100115?
-100145
In base 9, what is 26231 - 0?
26231
In base 9, what is 3532 - -1120?
4652
In base 16, what is 28 + -e1?
-b9
In base 2, what is 10001100110011 - 1110?
10001100100101
In base 15, what is 4 - -7d11?
7d15
In base 12, what is 337 - 21?
316
In base 14, what is 4752 - 3?
474d
In base 9, what is 27 - -23?
51
In base 2, what is 101101110100 + 100?
101101111000
In base 11, what is 1 - -99100?
99101
In base 14, what is ba5b + -4?
ba57
In base 5, what is 4110023 - 4?
4110014
In base 6, what is -23130 + -145?
-23315
In base 7, what is -2325 - 105?
-2433
In base 2, what is 1100101 + 10101111?
100010100
In base 16, what is b9 - 3a?
7f
In base 14, what is -6 - 2ba?
-2c2
In base 10, what is -11 - -2228?
2217
In base 3, what is -20 + 100110202?
100110112
In base 10, what is 85 + -218?
-133
In base 9, what is 452253 + 0?
452253
In base 2, what is -100 + 11011100101111111011?
11011100101111110111
In base 4, what is 30 + 230230?
230320
In base 3, what is -11110011200 + 12?
-11110011111
In base 4, what is -11 + 1003012?
1003001
In base 3, what is -10200 - 110000?
-120200
In base 15, what is -720 + -1b3?
-8d3
In base 10, what is -1135 - 3?
-1138
In base 8, what is 150216 - 2?
150214
In base 13, what is -3 + -2a17b?
-2a181
In base 2, what is 111 + -111101111010?
-111101110011
In base 16, what is -5 - 12cf?
-12d4
In base 3, what is 10 - -1200212220?
1200220000
In base 14, what is -3 + 1c3b6?
1c3b3
In base 3, what is -210101001000 + 12?
-210101000211
In base 5, what is -11230000 - 14?
-11230014
In base 16, what is -1ebe8 - -5?
-1ebe3
In base 15, what is 28523 - -6?
28529
In base 11, what is -1a - 20153?
-20172
In base 12, what is -206b4 - -5?
-206ab
In base 5, what is -11133100 + 10?
-11133040
In base 4, what is 231 - 22021?
-21130
In base 10, what is -4 + -9507?
-9511
In base 8, what is -24505 - -12?
-24473
In base 10, what is 1082149 - 2?
1082147
In base 12, what is -38b + -3580?
-394b
In base 3, what is -1001221120 - -10?
-1001221110
In base 2, what is 101 - -11100110011100?
11100110100001
In base 4, what is 13101100 - 202?
13100232
In base 11, what is 8354 + -19?
8336
In base 10, what is 1709923 - 5?
1709918
In base 3, what is 200220101011 + -1?
200220101010
In base 4, what is -10 - 11023310311?
-11023310321
In base 16, what is -7 - 28e09?
-28e10
In base 12, what is -5 - -1839b7?
1839b2
In base 10, what is 169 + -4248?
-4079
In base 16, what is -92e6 - -7?
-92df
In base 14, what is -2 + 562b9?
562b7
In base 10, what is -5 + -425886?
-425891
In base 14, what is 4dc2 - -18?
4dda
In base 12, what is -37 - -10a?
93
In base 14, what is -3b9c - -2c?
-3b70
In base 15, what is -35a7 - 3?
-35aa
In base 16, what is -5 + -147869?
-14786e
In base 3, what is 2211211021 - 1?
2211211020
In base 4, what is 3 + 3233031200?
3233031203
In base 12, what is 57 + 225?
280
In base 11, what is -2 - -52324?
52322
In base 6, what is 0 - -121425?
121425
In base 12, what is 7853 + -a?
7845
In base 3, what is -10022112102 + -2?
-10022112111
In base 5, what is -1020412 - -2?
-1020410
In base 6, what is -5 - 20233?
-20242
In base 16, what is -6 - 3430?
-3436
In base 2, what is 10 - 11011011101111011?
-11011011101111001
In base 15, what is -9e725 + -5?
-9e72a
In base 5, what is 0 - -240420402?
240420402
In base 6, what is -12 - 531202?
-531214
In base 15, what is 21 - 165?
-144
In base 12, what is 1a0 + 97?
277
In base 2, what is -101001010000 - -1101000?
-100111101000
In base 11, what is 1525 + -2a?
14a6
In base 11, what is 3 - -9491?
9494
In base 15, what is 183 + -1ed?
-6a
In base 8, what is -6314 + 2?
-6312
In base 7, what is -11052014 - 0?
-11052014
In base 14, what is 13495 - -3?
13498
In base 9, what is -1042254 - 2?
-1042256
In base 12, what is 1217a - -b9?
12277
In base 16, what is 17 + dcf?
de6
In base 12, what is -306 + -12?
-318
In base 16, what is c87 - -5?
c8c
In base 3, what is -20211011 + -110202?
-21021220
In base 15, what is 1497e + -37?
14947
In base 7, what is 153035 + 3?
153041
In base 5, what is 0 - -21422233?
21422233
In base 10, what is 6 + 6178?
6184
In base 8, what is 3215107 + -2?
3215105
In base 9, what is -201324 - 2?
-201326
In base 15, what is 2c856 + 0?
2c856
In base 6, what is 12300 - 53?
12203
In base 11, what is 84650 - 6?
84645
In base 9, what is 508 + -314?
184
In base 6, what is 12544 - -10230?
23214
In base 11, what is 42 - -70?
102
In base 7, what is 32425 - -1110?
33535
In base 13, what is 26 + -c02?
-ba9
In base 3, what is 1010000 + 112?
1010112
In base 6, what is 2313 - -2002?
4315
In base 10, what is -1571 + -5?
-1576
In base 5, what is 0 + -32324020?
-32324020
In base 13, what is 24acb - 1?
24aca
In base 5, what is 33013 + 1240?
34303
In base 16, what is 4 + 1391b?
1391f
In base 8, what is -44 - 241313?
-241357
In base 15, what is 5 - 21d7e?
-21d79
In base 8, what is -2704 - 46?
-2752
In base 8, what is -1235 - 4721?
-6156
In base 3, what is 12 + -1010111212?
-1010111200
In base 12, what is -4 - 7158?
-7160
In base 16, what is 1469c - 1?
1469b
In base 13, what is -4 - -b53?
b4c
In base 12, what is aa0a - -2?
aa10
In base 13, what is 2a8 - 186?
122
In base 12, what is -3 - -2684?
2681
In base 16, what is 7 - 50408?
-50401
In base 6, what is 0 - 114400?
-114400
In base 14, what is -b3c - 16?
-b54
In base 14, what is -2d + 214?
1c5
In 